20*l - a*l. List the prime factors of l.
7, 19
Let i(w) be the third derivative of 7*w**6/60 - w**5/12 + w**4/12 - 2*w**3/3 + 11*w**2. Let j be i(2). Suppose -l + 67 + j = 0. What are the prime factors of l?
3, 53
Suppose 0 = 217*n - 200*n - 115634. What are the prime factors of n?
2, 19, 179
Let m(i) = -4*i + 49. Let f be m(13). Let h be 18/27 + 2/f. Suppose q - 4*x - 21 = -0*q, 3*q - 4*x - 87 = h. What are the prime factors of q?
3, 11
List the prime factors of (-69195)/(-12) + (-12)/42 + (-18)/(-504).
2, 3, 31
Let y = -20 + 22. Suppose -j = -2*q + 3*q - 1, 0 = y*q - j - 2. Let x(o) = 98*o + 4. What are the prime factors of x(q)?
2, 3, 17
Let r(c) = 8*c + 10*c - 14 + 0*c + 16*c. What are the prime factors of r(14)?
2, 3, 7, 11
Suppose -6*o = 641 + 475. What are the prime factors of o/(-8) + (-9)/(-72)*-2?
23
Suppose -2*h - 5*c = -9, -4*h + h - 4*c + 10 = 0. Suppose 0*w - w - h = y, 5*y = -4*w - 8. What are the prime factors of (-378)/4*(10/(-3) - w)?
2, 3, 7
Suppose -80028*a = -79991*a - 1373329. What are the prime factors of a?
37117
Let c(x) = x**2 + 18*x + 77. Let k be c(-7). Suppose k = -34*m + 41*m - 4018. What are the prime factors of m?
2, 7, 41
List the prime factors of (-5)/(20/(-64))*2*842.
2, 421
Suppose 315975 + 238625 = 47*v. What are the prime factors of v?
2, 5, 59
Suppose -69235*r + 69227*r = -200120. List the prime factors of r.
5, 5003
Suppose -18*p + 208 = -17*p. Suppose -18*c = -19*c + p. What are the prime factors of c?
2, 13
Let z be -18 + 252 - (-3 - 2). Suppose 237*t - z*t + 3510 = 0. List the prime factors of t.
3, 5, 13
Suppose 0 = 5*s + 10*s + 31921 - 153376. List the prime factors of s.
3, 2699
Let k(a) = -a + 2. Let z be k(0). Let q(v) = -v**3 + 2*v**2 + 7. Let g be q(-3). Suppose 0 = -n + z*n - g. List the prime factors of n.
2, 13
Suppose -5*k = 2*u - 6324, 8*u + 4*k = 9*u - 3123. List the prime factors of u.
3, 1049
Let z(b) be the third derivative of -7*b**5/30 + 5*b**3/6 - 10*b**2. Let d(t) = 7*t**2 - 2. Let m(n) = -5*d(n) - 3*z(n). List the prime factors of m(-2).
23
Suppose 4*i + 2 = 2*u, i + 10*u - 7*u = -18. What are the prime factors of (-256650)/(-225) - (-1)/i*-1?
7, 163
Let c be (((-1)/(-2))/1)/((-22)/132). What are the prime factors of (-27957)/(-39) - c*(-6)/(-117)?
3, 239
Let t = 28032 + -17836. What are the prime factors of t?
2, 2549
Let z(q) = -81*q**2 + 3 + 0 - 5 + 10*q + 80*q**2. Let f be z(4). Suppose -10*n = -812 + f. List the prime factors of n.
79
Suppose -1902*x = -2*c - 1903*x + 15307, 5*c = -x + 38269. List the prime factors of c.
2, 43, 89
List the prime factors of (-5 - 453/(-15))/(16/12880).
2, 3, 7, 23
Let q be (-1)/(-13) - (-3852)/117. List the prime factors of (q + -36)*(2 - (-610)/(-3)).
2, 151
Let s = 14 - 10. Suppose -224 = 4*h + s*a, 0*h + 3*h + 2*a + 164 = 0. Let r = -33 - h. What are the prime factors of r?
19
Suppose 12*w - 257631 = 181101. What are the prime factors of w?
3, 7, 1741
Suppose 2*t = 14 - 6. Let p = 0 - -5. Suppose -p*l + t*l = -58. What are the prime factors of l?
2, 29
Let u be 24*75/(-18)*8/(-10). What are the prime factors of 689 - (u/(-4))/5?
3, 7, 11
Suppose -2*d = 12*p - 11*p - 47165, 70730 = 3*d + 4*p. What are the prime factors of d?
2, 3, 3931
Suppose -4*r + 22*a - 23*a = -11089, -2769 = -r + 3*a. What are the prime factors of r?
2, 3, 7, 11
Let a = -18 + 15. Let y(u) = 3*u**2 + 10*u - 36. Let d be y(-9). What are the prime factors of (d/52)/(a/(-136))?
2, 3, 17
Let b be 4/(-8) + 20/(-8)*-9. Let g = -24 + b. List the prime factors of ((-56)/3)/(g/27).
2, 3, 7
Suppose -g - 3*z + 2176 = -0*z, 5*g + z - 10908 = 0. Suppose 5*q = m + g, -4*m + 864 = 3*q - q. What are the prime factors of q?
2, 109
Suppose -6*l - 2*h + 26728 = 0, 13*l - 8*l + 2*h = 22275. What are the prime factors of l?
61, 73
Let l = -276 + 176. Let y = l - -67. Let c = -20 - y. List the prime factors of c.
13
Let s(p) = -p - 1 + 1. Let l(f) = f**2 + 6*f - 30. Let k be l(3). List the prime factors of s(k).
3
Suppose 604265 = 409*t - 392*t. List the prime factors of t.
5, 7109
Let p(a) = -a**3 + 38*a**2 + 14*a + 190. List the prime factors of p(28).
2, 4211
Let i(k) = 2*k**2 - 23*k - 16. Let v be i(12). Let l(m) = -6*m**3 + 7*m**2 + 20*m + 8. What are the prime factors of l(v)?
2, 53
Let f(h) = h**3 + 8*h**2 + 3*h - 6. Let t be f(-5). Let z be ((-4)/(-1) - t)*-2. Let l = 194 - z. List the prime factors of l.
2, 47
Let a(y) = -8*y + 1. Let m(h) = 47*h - 5. Let q(u) = 34*a(u) + 6*m(u). Let l(d) = -d**3 + 20*d**2 + 133*d - 880. Let g be l(24). List the prime factors of q(g).
2, 3, 7
Suppose 68*s + 183020 = 78*s. List the prime factors of s.
2, 9151
Let d = 246 - 109. Suppose 0 = -5*o - 3*y - 129, 5*o + d = -7*y + 8*y. List the prime factors of (126/o)/(2/(-24)).
2, 7
Let v(o) = 2865*o + 6178. List the prime factors of v(11).
37693
Let t(s) = -4*s**3 + 89*s**2 + 3*s - 23. List the prime factors of t(9).
4297
Let w be ((5 + -11)*1)/(-3). Suppose -w*p = -212 - 60. Suppose -5*d - 134 = -v + 26, d - p = -v. What are the prime factors of v?
2, 5, 7
What are the prime factors of (53410/(-210))/((-7)/651)?
7, 31, 109
Suppose -27 = -4*j + 5. Suppose 0*p + 15 = 3*p - o, 4*o + j = -p. Suppose p*a = h + a - 48, 0 = h + 3*a - 30. List the prime factors of h.
3, 13
Suppose -x = -2*j - 10178, -2*x + 5*j + 18952 = -1406. List the prime factors of x.
2, 5087
Suppose -4*x + 4*v = 0, x = -x + 5*v - 6. What are the prime factors of (3/x)/(84/21560)?
5, 7, 11
Let q(r) = -339*r**3 + 4*r**2 + 23*r + 34. What are the prime factors of q(-2)?
2, 7, 97
Let y = 76804 - 32987. List the prime factors of y.
43, 1019
What are the prime factors of (5607949/526)/(1/2)?
21323
Suppose 5*v - 4*o - 331485 = 0, v - 5*o = 18978 + 47319. List the prime factors of v.
3, 7, 11, 41
Let w(s) = -2*s**3 - 3*s**2 - 7*s - 1. Let j be w(-6). Suppose j = v - 4*z, 4*v + 5*z - z = 1380. List the prime factors of v.
349
Suppose 134968 + 189781 = 34*k + 30309. What are the prime factors of k?
2, 5, 433
Let f be 97/4 - 1/4. Let c(a) = 59 + 47 - 6 - f + 7*a. List the prime factors of c(14).
2, 3, 29
Let s = 34343 - 16966. List the prime factors of s.
17377
Let j(p) be the third derivative of 11*p**4/6 - 40*p**3/3 + 2*p**2 + 10. List the prime factors of j(15).
2, 5, 29
Let j(o) = -7*o**3 + 3*o**2 - 29*o - 282. List the prime factors of j(-6).
2, 3, 7
Let j = 254 - 251. Suppose -5*d + 5*n - 9*n = -6190, j*d - 3714 = -n. List the prime factors of d.
2, 619
Suppose -8*c + 7*c = 2*u, 5*u = -2*c - 1. Let d be 0/u + (-22 - -8)/(-7). Suppose -4*x + b + 314 = 0, 5*x + 7*b - d*b = 380. What are the prime factors of x?
2, 3, 13
Suppose 3*a = -h + 5*a - 2, a = h - 1. Suppose 7*j + h*j - 4422 = 0. List the prime factors of j.
2, 3, 67
Suppose -4*k + 6214 = -2*l, -5*k + 7993 - 221 = 2*l. What are the prime factors of k?
2, 3, 7, 37
Let k = 26226 + -16813. List the prime factors of k.
9413
Suppose 0 = 27*g - 105485 - 134923. What are the prime factors of g?
2, 3, 7, 53
Let s(k) = -6*k - k**2 + 21 + 4*k + k + 9*k. Let y be s(10). What are the prime factors of y/8*-2*-908?
227
Let m(f) = 2*f**2 + 2*f + 16. Let h(i) = -i**2 - i - 1. Let o(j) = -3*h(j) - m(j). Let x be o(8). Suppose 34 = w - x. What are the prime factors of w?
3, 31
Let t = -1218 - -2096. Let q = -422 + t. What are the prime factors of q?
2, 3, 19
Suppose -4*c = 3*i - 4 - 7, -4*c + 3*i + 5 = 0. List the prime factors of (-1502)/(-8) + c/(6 + 2).
2, 47
Suppose 0 = 5*d - 169 + 39. Suppose 31*v = d*v - 5. List the prime factors of v - 186/(-2)*4/12.
2, 3, 5
Let m(o) be the third derivative of 61*o**5/60 + 7*o**4/8 - 43*o**3/6 + 84*o**2. What are the prime factors of m(2)?
3
Let r(w) = 3*w**2 - 88*w + 3590. List the prime factors of r(52).
2, 7, 509
Let s(w) = -39*w - 207. Let n be s(-11). Suppose 230*q = n*q + 4272. What are the prime factors of q?
2, 3, 89
Suppose -5*c = 3*b - 170091, -3*c + 77691 = 8*b - 24376. What are the prime factors of c?
3, 17, 23, 29
Let v = 261 + -259. Suppose -t + 6200 = 4*d, -2*d + v*t - 320 = -3410. What are the prime factors of d?
1549
Let q(k) = 11*k**2 - 2*k - 10. Let n be q(-7). Suppose -2172 = -4*p - g + 4*g, p - 3*g - n = 0. What are the prime factors of p?
3, 181
Suppose 2*s + w - 11125 = 0, 151*w + 5573 = s + 155*w. What are the prime factors of s?
67, 83
Le